{"id":106,"date":"2023-04-21T07:11:38","date_gmt":"2023-04-21T10:11:38","guid":{"rendered":"https:\/\/institutogayatrispa.com.br\/loja\/?post_type=product&#038;p=106"},"modified":"2023-07-25T16:48:31","modified_gmt":"2023-07-25T19:48:31","slug":"trio-mandala","status":"publish","type":"product","link":"https:\/\/institutogayatrispa.com.br\/loja\/produto\/trio-mandala\/","title":{"rendered":"Trio Mandala"},"content":{"rendered":"<p>O trio de almofadas, acabam de chegar para completar e alegrar a sua sala e sof\u00e1, com a nova cole\u00e7\u00e3o exclusiva de mandalas em Veludo! Elas possuem a frente com lindas mandalas e verso liso com marca d\u00e1gua discreta em geometria sagrada da flor da vida! Possibilitando assim maior liberdade de combina\u00e7\u00f5es e uma versatilidade em design. Voc\u00ea pode optar por uma decora\u00e7\u00e3o mais colorida ou clean, e alternar de tempos em tempos, garantindo renova\u00e7\u00e3o e movimento! Acabamento impec\u00e1vel com z\u00edper invis\u00edvel e discreto! As almofadas N\u00c3O possuem enchimento. Voc\u00ea pode adquirir o enchimento opcional , feito de fibra anti-al\u00e9rgica, modelados especialmente para que a almofada fique bem conformada. <\/p>\n","protected":false},"excerpt":{"rendered":"<p>CAPAS EM VELUDO ESTAMPADO COM ACABAMENTO IMPEC\u00c1VEL.<\/p>\n","protected":false},"featured_media":134,"comment_status":"open","ping_status":"closed","template":"","meta":[],"product_cat":[17,21],"product_tag":[],"class_list":["post-106","product","type-product","status-publish","has-post-thumbnail","hentry","product_cat-decor-home","product_cat-capas-de-almofada"],"_links":{"self":[{"href":"https:\/\/institutogayatrispa.com.br\/loja\/wp-json\/wp\/v2\/product\/106","targetHints":{"allow":["GET"]}}],"collection":[{"href":"https:\/\/institutogayatrispa.com.br\/loja\/wp-json\/wp\/v2\/product"}],"about":[{"href":"https:\/\/institutogayatrispa.com.br\/loja\/wp-json\/wp\/v2\/types\/product"}],"replies":[{"embeddable":true,"href":"https:\/\/institutogayatrispa.com.br\/loja\/wp-json\/wp\/v2\/comments?post=106"}],"wp:featuredmedia":[{"embeddable":true,"href":"https:\/\/institutogayatrispa.com.br\/loja\/wp-json\/wp\/v2\/media\/134"}],"wp:attachment":[{"href":"https:\/\/institutogayatrispa.com.br\/loja\/wp-json\/wp\/v2\/media?parent=106"}],"wp:term":[{"taxonomy":"product_cat","embeddable":true,"href":"https:\/\/institutogayatrispa.com.br\/loja\/wp-json\/wp\/v2\/product_cat?post=106"},{"taxonomy":"product_tag","embeddable":true,"href":"https:\/\/institutogayatrispa.com.br\/loja\/wp-json\/wp\/v2\/product_tag?post=106"}],"curies":[{"name":"wp","href":"https:\/\/api.w.org\/{rel}","templated":true}]}}