{"id":110,"date":"2023-04-21T07:11:38","date_gmt":"2023-04-21T10:11:38","guid":{"rendered":"https:\/\/institutogayatrispa.com.br\/loja\/?post_type=product&#038;p=110"},"modified":"2023-07-25T16:48:32","modified_gmt":"2023-07-25T19:48:32","slug":"canga-mandala-pavao","status":"publish","type":"product","link":"https:\/\/institutogayatrispa.com.br\/loja\/produto\/canga-mandala-pavao\/","title":{"rendered":"Canga Mandala Pav\u00e3o"},"content":{"rendered":"<p>Estampa exclusiva cheia de cores e detalhes surpreendentes!<br \/>\nO tecido apresenta uma superf\u00edcie com toque macio, refrescante, que n\u00e3o gruda areia e n\u00e3o amarrota!<br \/>\nSignificado: Para os crist\u00e3os, o padr\u00e3o de suas caudas adquiriu um significado de omnisci\u00eancia, o Deus que tudo v\u00ea. O desenho da sua cauda representa as estrelas e o universo. Sua coroa semelhante a uma estrela de seis pontas simboliza sua magnitude e poder. \u00c9 s\u00edmbolo da eternidade, da imortalidade e da totalidade<br \/>\nNa \u00edndia: Considerado um animal sagrado, ganhando at\u00e9 templos sagrados no pa\u00eds. \u00c9 comumente encontrado nos jardins dos pal\u00e1cios e outros locais considerados sagrados.<br \/>\nMitologia hindu: Sua imagem \u00e9 caracterizada como uma divindade que traz prosperidade. Est\u00e1 associado \u00e0 deusa Lakshmi: as penas representam suas qualidades: bondade, paci\u00eancia, prosperidade e boa sorte. Sarasvati, a deusa do conhecimento, da fala, da poesia, da m\u00fasica, dos estudos e da sabedoria monta um pav\u00e3o.<br \/>\nBudismo: O pav\u00e3o simboliza a pureza de vida e a boa sorte e suas penas representam purifica\u00e7\u00e3o da alma em cerim\u00f4nias religiosas budistas. O pav\u00e3o representa um \u201cbodisatva\u201d, ou seja, um ser capaz de n\u00e3o ser atra\u00eddo pelos venenos da inveja, raiva e ci\u00fames e ira e \u00e9 capaz de conviver entre as pessoas ajudando-as a obter a ilumina\u00e7\u00e3o, sem se deixar contaminar pelos fatores externos e impuros.<\/p>\n","protected":false},"excerpt":{"rendered":"<p>DESENVOLVIDO PARA TE ACOMPANHAR EM TODOS OS LUGARES, E TAMB\u00c9M PARA DECORAR E ALEGRAR A SUA CASA, SALA, QUARTO OU SEU CANTINHO ZEN.<\/p>\n","protected":false},"featured_media":151,"comment_status":"open","ping_status":"closed","template":"","meta":[],"product_cat":[17,23],"product_tag":[],"class_list":["post-110","product","type-product","status-publish","has-post-thumbnail","hentry","product_cat-decor-home","product_cat-cangas"],"_links":{"self":[{"href":"https:\/\/institutogayatrispa.com.br\/loja\/wp-json\/wp\/v2\/product\/110","targetHints":{"allow":["GET"]}}],"collection":[{"href":"https:\/\/institutogayatrispa.com.br\/loja\/wp-json\/wp\/v2\/product"}],"about":[{"href":"https:\/\/institutogayatrispa.com.br\/loja\/wp-json\/wp\/v2\/types\/product"}],"replies":[{"embeddable":true,"href":"https:\/\/institutogayatrispa.com.br\/loja\/wp-json\/wp\/v2\/comments?post=110"}],"wp:featuredmedia":[{"embeddable":true,"href":"https:\/\/institutogayatrispa.com.br\/loja\/wp-json\/wp\/v2\/media\/151"}],"wp:attachment":[{"href":"https:\/\/institutogayatrispa.com.br\/loja\/wp-json\/wp\/v2\/media?parent=110"}],"wp:term":[{"taxonomy":"product_cat","embeddable":true,"href":"https:\/\/institutogayatrispa.com.br\/loja\/wp-json\/wp\/v2\/product_cat?post=110"},{"taxonomy":"product_tag","embeddable":true,"href":"https:\/\/institutogayatrispa.com.br\/loja\/wp-json\/wp\/v2\/product_tag?post=110"}],"curies":[{"name":"wp","href":"https:\/\/api.w.org\/{rel}","templated":true}]}}