{"id":118,"date":"2023-04-21T07:11:38","date_gmt":"2023-04-21T10:11:38","guid":{"rendered":"https:\/\/institutogayatrispa.com.br\/loja\/?post_type=product&#038;p=118"},"modified":"2023-07-25T16:48:32","modified_gmt":"2023-07-25T19:48:32","slug":"fonte-buda-sintonia","status":"publish","type":"product","link":"https:\/\/institutogayatrispa.com.br\/loja\/produto\/fonte-buda-sintonia\/","title":{"rendered":"Fonte Buda Sintonia"},"content":{"rendered":"<p>Fonte de \u00e1gua com escultura de Buda Meditando e bacia flor de l\u00f3tus em marmorite (resina acr\u00edlica e p\u00f3 de m\u00e1rmore). Esta fonte decorativa em marmorite \u00e9 essencial para quem aprecia o Feng Shui e almeja harmonizar o ambiente com o fluxo da \u00e1gua e a energia poderosa de Buda.<br \/>\nO som extremamente relaxante da \u00e1gua corrente \u00e9 refor\u00e7ado pelas cores da luz Led RGB promovendo equil\u00edbrio e irradiando boas vibra\u00e7\u00f5es em todo o espa\u00e7o zen.<br \/>\nEleve a energia da decora\u00e7\u00e3o!<\/p>\n","protected":false},"excerpt":{"rendered":"<p>FEITA EM MARMORITE. ESCULTURA PARA DECORA\u00c7\u00c3O DE AMBIENTES EXTERNOS PRODUZIDA EM MATERIAL DE ALTA RESIST\u00caNCIA E ACABAMENTO PREMIUM QUE RESISTE AO TEMPO.<\/p>\n","protected":false},"featured_media":173,"comment_status":"open","ping_status":"closed","template":"","meta":[],"product_cat":[17,27,29],"product_tag":[],"class_list":["post-118","product","type-product","status-publish","has-post-thumbnail","hentry","product_cat-decor-home","product_cat-budas","product_cat-fonte"],"_links":{"self":[{"href":"https:\/\/institutogayatrispa.com.br\/loja\/wp-json\/wp\/v2\/product\/118","targetHints":{"allow":["GET"]}}],"collection":[{"href":"https:\/\/institutogayatrispa.com.br\/loja\/wp-json\/wp\/v2\/product"}],"about":[{"href":"https:\/\/institutogayatrispa.com.br\/loja\/wp-json\/wp\/v2\/types\/product"}],"replies":[{"embeddable":true,"href":"https:\/\/institutogayatrispa.com.br\/loja\/wp-json\/wp\/v2\/comments?post=118"}],"wp:featuredmedia":[{"embeddable":true,"href":"https:\/\/institutogayatrispa.com.br\/loja\/wp-json\/wp\/v2\/media\/173"}],"wp:attachment":[{"href":"https:\/\/institutogayatrispa.com.br\/loja\/wp-json\/wp\/v2\/media?parent=118"}],"wp:term":[{"taxonomy":"product_cat","embeddable":true,"href":"https:\/\/institutogayatrispa.com.br\/loja\/wp-json\/wp\/v2\/product_cat?post=118"},{"taxonomy":"product_tag","embeddable":true,"href":"https:\/\/institutogayatrispa.com.br\/loja\/wp-json\/wp\/v2\/product_tag?post=118"}],"curies":[{"name":"wp","href":"https:\/\/api.w.org\/{rel}","templated":true}]}}