{"id":1690,"date":"2024-05-02T12:40:53","date_gmt":"2024-05-02T15:40:53","guid":{"rendered":"https:\/\/institutogayatrispa.com.br\/loja\/produto\/shampoo-cabelos-normais-e-secos-lavanda-e-baunilinha-alva\/"},"modified":"2024-05-02T15:13:11","modified_gmt":"2024-05-02T18:13:11","slug":"shampoo-cabelos-normais-e-secos-lavanda-e-baunilinha-alva","status":"publish","type":"product","link":"https:\/\/institutogayatrispa.com.br\/loja\/produto\/shampoo-cabelos-normais-e-secos-lavanda-e-baunilinha-alva\/","title":{"rendered":"SHAMPOO CABELOS NORMAIS E SECOS  LAVANDA E BAUNILINHA &#8211; ALVA"},"content":{"rendered":"<p>\u00a0<\/p>\n<p class=\"MsoNormal\">O \u00f3leo essencial de lavanda contribui para o crescimento de fios saud\u00e1veis, sendo altamente indicado para quem sofre com alopecia, excelente contra caspa e ideal para fortalecer o couro cabeludo. A baunilha, por sua vez, hidrata, amacia, proporciona brilho e fortalece, promovendo limpeza eficiente e nutritiva para cabelos normais e secos.<\/p>\n<p class=\"MsoNormal\">Uma combina\u00e7\u00e3o feita para controlar o frizz<span>\u00a0 <\/span>e proporcionar maciez aos cabelos.<\/p>\n","protected":false},"excerpt":{"rendered":"<p class=\"MsoNormal\">O Shampoo Lavanda &amp; Baunilha \u00e9 cuidadosamente formulado com ingredientes 100% naturais, proporcionando uma reconstru\u00e7\u00e3o eficaz dos fios, especialmente aqueles expostos a produtos qu\u00edmicos, sendo altamente recomendado para quem enfrenta problemas como alopecia.<\/p>\n","protected":false},"featured_media":1696,"comment_status":"open","ping_status":"closed","template":"","meta":[],"product_cat":[105],"product_tag":[],"class_list":["post-1690","product","type-product","status-publish","has-post-thumbnail","hentry","product_cat-shampo-e-condicionador"],"_links":{"self":[{"href":"https:\/\/institutogayatrispa.com.br\/loja\/wp-json\/wp\/v2\/product\/1690","targetHints":{"allow":["GET"]}}],"collection":[{"href":"https:\/\/institutogayatrispa.com.br\/loja\/wp-json\/wp\/v2\/product"}],"about":[{"href":"https:\/\/institutogayatrispa.com.br\/loja\/wp-json\/wp\/v2\/types\/product"}],"replies":[{"embeddable":true,"href":"https:\/\/institutogayatrispa.com.br\/loja\/wp-json\/wp\/v2\/comments?post=1690"}],"wp:featuredmedia":[{"embeddable":true,"href":"https:\/\/institutogayatrispa.com.br\/loja\/wp-json\/wp\/v2\/media\/1696"}],"wp:attachment":[{"href":"https:\/\/institutogayatrispa.com.br\/loja\/wp-json\/wp\/v2\/media?parent=1690"}],"wp:term":[{"taxonomy":"product_cat","embeddable":true,"href":"https:\/\/institutogayatrispa.com.br\/loja\/wp-json\/wp\/v2\/product_cat?post=1690"},{"taxonomy":"product_tag","embeddable":true,"href":"https:\/\/institutogayatrispa.com.br\/loja\/wp-json\/wp\/v2\/product_tag?post=1690"}],"curies":[{"name":"wp","href":"https:\/\/api.w.org\/{rel}","templated":true}]}}