{"id":1741,"date":"2024-05-24T16:00:28","date_gmt":"2024-05-24T19:00:28","guid":{"rendered":"https:\/\/institutogayatrispa.com.br\/loja\/produto\/creme-dental-bioativo-relac-limao-e-canela-alva-90g\/"},"modified":"2024-05-24T16:22:48","modified_gmt":"2024-05-24T19:22:48","slug":"creme-dental-bioativo-relac-limao-e-canela-alva-90g","status":"publish","type":"product","link":"https:\/\/institutogayatrispa.com.br\/loja\/produto\/creme-dental-bioativo-relac-limao-e-canela-alva-90g\/","title":{"rendered":"CREME DENTAL BIOATIVO RELAX \u2013 LIM\u00c3O E CANELA \u2013 ALVA- 90G"},"content":{"rendered":"<p class=\"MsoListParagraphCxSpFirst\" style=\"text-indent: -18.0pt\"><!-- [if !supportLists]--><span style=\"font-family: Symbol\"><span>\u00b7<span style=\"font: 7.0pt 'Times New Roman'\">\u00a0\u00a0\u00a0\u00a0\u00a0\u00a0\u00a0\u00a0 <\/span><\/span><\/span><!--[endif]-->CUIDE DA SUA SA\u00daDE BUCAL DE MANEIRA EFICIENTE<\/p>\n<p class=\"MsoListParagraphCxSpMiddle\" style=\"text-indent: -18.0pt\"><!-- [if !supportLists]--><span style=\"font-family: Symbol\"><span>\u00b7<span style=\"font: 7.0pt 'Times New Roman'\">\u00a0\u00a0\u00a0\u00a0\u00a0\u00a0\u00a0\u00a0 <\/span><\/span><\/span><!--[endif]-->\u00a0<\/p>\n<p class=\"MsoListParagraphCxSpMiddle\" style=\"text-indent: -18.0pt\"><!-- [if !supportLists]--><span style=\"font-family: Symbol\"><span>\u00b7<span style=\"font: 7.0pt 'Times New Roman'\">\u00a0\u00a0\u00a0\u00a0\u00a0\u00a0\u00a0\u00a0 <\/span><\/span><\/span><!--[endif]-->&#8211; Aux\u00edlio no Relaxamento: Cont\u00e9m \u00f3leo essencial natural de canela que proporciona equil\u00edbrio emocional e minimiza a exaust\u00e3o nervosa, al\u00e9m disso, \u00e9 um excelente antiss\u00e9ptico e estimulante do sistema imunol\u00f3gico<\/p>\n<p class=\"MsoListParagraphCxSpMiddle\" style=\"text-indent: -18.0pt\"><!-- [if !supportLists]--><span style=\"font-family: Symbol\"><span>\u00b7<span style=\"font: 7.0pt 'Times New Roman'\">\u00a0\u00a0\u00a0\u00a0\u00a0\u00a0\u00a0\u00a0 <\/span><\/span><\/span><!--[endif]-->&#8211; F\u00f3rmula Livre de t\u00f3xicos: Sem fl\u00faor, parabenos, triclosan, corantes, ado\u00e7antes e aromas artificiais<\/p>\n<p class=\"MsoListParagraphCxSpMiddle\" style=\"text-indent: -18.0pt\"><!-- [if !supportLists]--><span style=\"font-family: Symbol\"><span>\u00b7<span style=\"font: 7.0pt 'Times New Roman'\">\u00a0\u00a0\u00a0\u00a0\u00a0\u00a0\u00a0\u00a0 <\/span><\/span><\/span><!--[endif]-->&#8211; Cuidado Vegano: Totalmente vegano e cruelty-free<\/p>\n<p class=\"MsoListParagraphCxSpMiddle\" style=\"text-indent: -18.0pt\"><!-- [if !supportLists]--><span style=\"font-family: Symbol\"><span>\u00b7<span style=\"font: 7.0pt 'Times New Roman'\">\u00a0\u00a0\u00a0\u00a0\u00a0\u00a0\u00a0\u00a0 <\/span><\/span><\/span><!--[endif]-->&#8211; Preven\u00e7\u00e3o de c\u00e1ries: Cont\u00e9m xilitol que auxilia na preven\u00e7\u00e3o de c\u00e1ries de forma natural.<\/p>\n<p class=\"MsoListParagraphCxSpMiddle\" style=\"text-indent: -18.0pt\"><!-- [if !supportLists]--><span style=\"font-family: Symbol\"><span>\u00b7<span style=\"font: 7.0pt 'Times New Roman'\">\u00a0\u00a0\u00a0\u00a0\u00a0\u00a0\u00a0\u00a0 <\/span><\/span><\/span><!--[endif]-->&#8211; Ingredientes Naturais: \u00d3leos puros de lim\u00e3o e canela, proporcionando frescor e combatendo bact\u00e9rias prejudiciais.<\/p>\n<p class=\"MsoListParagraphCxSpMiddle\" style=\"text-indent: -18.0pt\"><!-- [if !supportLists]--><span style=\"font-family: Symbol\"><span>\u00b7<span style=\"font: 7.0pt 'Times New Roman'\">\u00a0\u00a0\u00a0\u00a0\u00a0\u00a0\u00a0\u00a0 <\/span><\/span><\/span><!--[endif]-->&#8211; Aromaterapia para o Bem-Estar: Cont\u00e9m \u00f3leo essencial natural de lim\u00e3o, um poderoso relaxante, e \u00f3leo essencial de canela proporciona sensa\u00e7\u00e3o de aconchego<\/p>\n<p class=\"MsoListParagraphCxSpLast\" style=\"text-indent: -18.0pt\"><!-- [if !supportLists]--><span style=\"font-family: Symbol\"><span>\u00b7<span style=\"font: 7.0pt 'Times New Roman'\">\u00a0\u00a0\u00a0\u00a0\u00a0\u00a0\u00a0\u00a0 <\/span><\/span><\/span><!--[endif]-->&#8211; Compromisso com Qualidade: Clinicamente testado para garantir efic\u00e1cia e seguran\u00e7a<\/p>\n","protected":false},"excerpt":{"rendered":"<p class=\"MsoListParagraphCxSpFirst\" style=\"text-indent: -18.0pt\"><!-- [if !supportLists]--><span style=\"font-family: Symbol\"><span>\u00b7<span style=\"font: 7.0pt 'Times New Roman'\">\u00a0\u00a0\u00a0\u00a0\u00a0\u00a0\u00a0\u00a0 <\/span><\/span><\/span><!--[endif]-->Pasta de Dentes RELAX: relaxamento mental e h\u00e1lito fresco proporcionados pela combina\u00e7\u00e3o dos \u00f3leos essenciais de canela e lim\u00e3o.<\/p>\n<p class=\"MsoListParagraphCxSpMiddle\" style=\"text-indent: -18.0pt\"><!-- [if !supportLists]--><span style=\"font-family: Symbol\"><span>\u00b7<span style=\"font: 7.0pt 'Times New Roman'\">\u00a0\u00a0\u00a0\u00a0\u00a0\u00a0\u00a0\u00a0 <\/span><\/span><\/span><!--[endif]-->\u00a0<\/p>\n<p class=\"MsoListParagraphCxSpLast\" style=\"text-indent: -18.0pt\"><!-- [if !supportLists]--><span style=\"font-family: Symbol\"><span>\u00b7<span style=\"font: 7.0pt 'Times New Roman'\">\u00a0\u00a0\u00a0\u00a0\u00a0\u00a0\u00a0\u00a0 <\/span><\/span><\/span><!--[endif]-->Uma fus\u00e3o de ingredientes que proporcionam: limpeza, preven\u00e7\u00e3o de c\u00e1ries e relaxamento.<\/p>\n","protected":false},"featured_media":1742,"comment_status":"open","ping_status":"closed","template":"","meta":[],"product_cat":[110,103],"product_tag":[],"class_list":["post-1741","product","type-product","status-publish","has-post-thumbnail","hentry","product_cat-pasta-de-dente","product_cat-saude"],"_links":{"self":[{"href":"https:\/\/institutogayatrispa.com.br\/loja\/wp-json\/wp\/v2\/product\/1741","targetHints":{"allow":["GET"]}}],"collection":[{"href":"https:\/\/institutogayatrispa.com.br\/loja\/wp-json\/wp\/v2\/product"}],"about":[{"href":"https:\/\/institutogayatrispa.com.br\/loja\/wp-json\/wp\/v2\/types\/product"}],"replies":[{"embeddable":true,"href":"https:\/\/institutogayatrispa.com.br\/loja\/wp-json\/wp\/v2\/comments?post=1741"}],"wp:featuredmedia":[{"embeddable":true,"href":"https:\/\/institutogayatrispa.com.br\/loja\/wp-json\/wp\/v2\/media\/1742"}],"wp:attachment":[{"href":"https:\/\/institutogayatrispa.com.br\/loja\/wp-json\/wp\/v2\/media?parent=1741"}],"wp:term":[{"taxonomy":"product_cat","embeddable":true,"href":"https:\/\/institutogayatrispa.com.br\/loja\/wp-json\/wp\/v2\/product_cat?post=1741"},{"taxonomy":"product_tag","embeddable":true,"href":"https:\/\/institutogayatrispa.com.br\/loja\/wp-json\/wp\/v2\/product_tag?post=1741"}],"curies":[{"name":"wp","href":"https:\/\/api.w.org\/{rel}","templated":true}]}}