{"id":1749,"date":"2024-05-27T11:08:42","date_gmt":"2024-05-27T14:08:42","guid":{"rendered":"https:\/\/institutogayatrispa.com.br\/loja\/produto\/desodorante-natural-spray-unscented-lafes-236ml\/"},"modified":"2024-05-27T11:08:42","modified_gmt":"2024-05-27T14:08:42","slug":"desodorante-natural-spray-unscented-lafes-236ml","status":"publish","type":"product","link":"https:\/\/institutogayatrispa.com.br\/loja\/produto\/desodorante-natural-spray-unscented-lafes-236ml\/","title":{"rendered":"DESODORANTE NATURAL SPRAY UNSCENTED &#8211; LAFE&#8217;S 236ML"},"content":{"rendered":"","protected":false},"excerpt":{"rendered":"<p class=\"MsoNormal\">O desodorante natural spray unscented lafe&#8217;s 236ml.sem perfume\u00a0 porporciona frescor e conforto sem o uso de fragr\u00e2ncias ou produtos qu\u00edmicos nocivos; este desodorante natural \u00e9 feito com ingredientes org\u00e2nicos que efetivamente combatem odor da maneira natural; a lafes foi homenageada com v\u00e1rios pr\u00eamios, incluindo o pr\u00eamio &#8220;solu\u00e7\u00f5es naturais com beleza&#8221;, dois anos seguidos.<\/p>\n<p class=\"MsoNormal\">\u00a0<\/p>\n","protected":false},"featured_media":1747,"comment_status":"open","ping_status":"closed","template":"","meta":[],"product_cat":[100,102],"product_tag":[],"class_list":["post-1749","product","type-product","status-publish","has-post-thumbnail","hentry","product_cat-bio-health","product_cat-desodorante"],"_links":{"self":[{"href":"https:\/\/institutogayatrispa.com.br\/loja\/wp-json\/wp\/v2\/product\/1749","targetHints":{"allow":["GET"]}}],"collection":[{"href":"https:\/\/institutogayatrispa.com.br\/loja\/wp-json\/wp\/v2\/product"}],"about":[{"href":"https:\/\/institutogayatrispa.com.br\/loja\/wp-json\/wp\/v2\/types\/product"}],"replies":[{"embeddable":true,"href":"https:\/\/institutogayatrispa.com.br\/loja\/wp-json\/wp\/v2\/comments?post=1749"}],"wp:featuredmedia":[{"embeddable":true,"href":"https:\/\/institutogayatrispa.com.br\/loja\/wp-json\/wp\/v2\/media\/1747"}],"wp:attachment":[{"href":"https:\/\/institutogayatrispa.com.br\/loja\/wp-json\/wp\/v2\/media?parent=1749"}],"wp:term":[{"taxonomy":"product_cat","embeddable":true,"href":"https:\/\/institutogayatrispa.com.br\/loja\/wp-json\/wp\/v2\/product_cat?post=1749"},{"taxonomy":"product_tag","embeddable":true,"href":"https:\/\/institutogayatrispa.com.br\/loja\/wp-json\/wp\/v2\/product_tag?post=1749"}],"curies":[{"name":"wp","href":"https:\/\/api.w.org\/{rel}","templated":true}]}}