{"id":185,"date":"2023-04-21T07:12:51","date_gmt":"2023-04-21T10:12:51","guid":{"rendered":"https:\/\/institutogayatrispa.com.br\/loja\/?post_type=product&#038;p=185"},"modified":"2023-07-25T16:48:34","modified_gmt":"2023-07-25T19:48:34","slug":"banco-levita-meditacao","status":"publish","type":"product","link":"https:\/\/institutogayatrispa.com.br\/loja\/produto\/banco-levita-meditacao\/","title":{"rendered":"Banco Levita Medita\u00e7\u00e3o"},"content":{"rendered":"<p>Fui especialmente desenvolvido para elevar o seu quadril e te acomodar naquele momento mais gostoso do dia!<br \/>\nAquele momento s\u00f3 seu, em que voc\u00ea acalma a mente, esvazia os pensamentos, concentra na respira\u00e7\u00e3o, relaxa o corpo e embarca nessa jornada para dentro de si!<br \/>\nA famosa postura em l\u00f3tus (padmasana), pode at\u00e9 parecer simples, mas ela n\u00e3o \u00e9! O padmasana exige abertura dos quadris, flexibilidade, pr\u00e1tica e persist\u00eancia para ser executada sem desconforto!<br \/>\nA alternativa simplificada \u00e9 a (sukhasana), que s\u00e3o as pernas cruzadas, com uma canela em frente \u00e0 outra! Mas ela tamb\u00e9m n\u00e3o \u00e9 t\u00e3o simples assim, ap\u00f3s alguns minutos, a maioria das pessoas sente desconforto, e ela pode acabar gerando tens\u00e3o nas costas, quadril, coxa e virilha!<br \/>\nPensando nisso, eu fui desenvolvido para proporcionar conforto durante a sua pr\u00e1tica de medita\u00e7\u00e3o, e possibilitar que a sua jornada, n\u00e3o seja interrompida na melhor parte, por um inc\u00f4modo corporal!<br \/>\nSou fabricado com estrutura refor\u00e7ada em madeira pinus de reflorestamento.<br \/>\nPossuo camadas de espumas de alta densidade e espessura para garantir longevidade e conforto na sua medita\u00e7\u00e3o!<br \/>\nAs percintas el\u00e1sticas internas s\u00e3o extremamente resistentes, garantindo o suporte e conformidade que o seu corpo precisa!<br \/>\nSou revestido em tecido aveludado com um toque DELICIOSO!<br \/>\nMeu formato anat\u00f4mico, vai dar sustenta\u00e7\u00e3o para a parte inferior da sua coxa!<br \/>\nCom tamanho de 55x38x16 (LxCxA), vou te acomodar bem, e voc\u00ea pode at\u00e9 se sentar em sukhasana, apoiando tanto os tornezelos quanto o quadril em mim!<br \/>\nSou f\u00e1cil de movimentar, pesando apenas 3Kg.<br \/>\nMeu design, minhas estampas e meus detalhes, foram cuidadosamente pensados e elaborados por um time de apaixonados pela vida, autoconhecimento e pela medita\u00e7\u00e3o! <\/p>\n","protected":false},"excerpt":{"rendered":"<p>Banco Levit\u00e1, sua medita\u00e7\u00e3o em outro n\u00edvel!<\/p>\n<p>Descri\u00e7\u00e3o r\u00e1pida:<br \/>\n&#8211; Desenvolvido para elevar o seu quadril.<br \/>\n&#8211; Formato Anat\u00f4mico para proporcionar conforto durante a medita\u00e7\u00e3o.<br \/>\n&#8211; Tamanho de 55x38x16cm (LxCxA)<br \/>\n&#8211; Peso 3kg.<br \/>\n&#8211; Estrutura Refor\u00e7ada em Pinus de Reflorestamento e Percintas El\u00e1sticas.<br \/>\n&#8211; Conforto com Espuma de Alta Densidade revestida em Veludo..<br \/>\n&#8211; Lindas estampas que n\u00e3o desbotam com uso ou lavagens.<\/p>\n","protected":false},"featured_media":265,"comment_status":"open","ping_status":"closed","template":"","meta":[],"product_cat":[50,16],"product_tag":[],"class_list":["post-185","product","type-product","status-publish","has-post-thumbnail","hentry","product_cat-banco-de-meditacao","product_cat-active-yoga"],"_links":{"self":[{"href":"https:\/\/institutogayatrispa.com.br\/loja\/wp-json\/wp\/v2\/product\/185","targetHints":{"allow":["GET"]}}],"collection":[{"href":"https:\/\/institutogayatrispa.com.br\/loja\/wp-json\/wp\/v2\/product"}],"about":[{"href":"https:\/\/institutogayatrispa.com.br\/loja\/wp-json\/wp\/v2\/types\/product"}],"replies":[{"embeddable":true,"href":"https:\/\/institutogayatrispa.com.br\/loja\/wp-json\/wp\/v2\/comments?post=185"}],"wp:featuredmedia":[{"embeddable":true,"href":"https:\/\/institutogayatrispa.com.br\/loja\/wp-json\/wp\/v2\/media\/265"}],"wp:attachment":[{"href":"https:\/\/institutogayatrispa.com.br\/loja\/wp-json\/wp\/v2\/media?parent=185"}],"wp:term":[{"taxonomy":"product_cat","embeddable":true,"href":"https:\/\/institutogayatrispa.com.br\/loja\/wp-json\/wp\/v2\/product_cat?post=185"},{"taxonomy":"product_tag","embeddable":true,"href":"https:\/\/institutogayatrispa.com.br\/loja\/wp-json\/wp\/v2\/product_tag?post=185"}],"curies":[{"name":"wp","href":"https:\/\/api.w.org\/{rel}","templated":true}]}}