{"id":1862,"date":"2024-11-11T18:25:48","date_gmt":"2024-11-11T21:25:48","guid":{"rendered":"https:\/\/institutogayatrispa.com.br\/loja\/produto\/desodorante-roll-on-lafes-natural-sem-fragrancia-unscented-88ml\/"},"modified":"2024-11-11T18:25:48","modified_gmt":"2024-11-11T21:25:48","slug":"desodorante-roll-on-lafes-natural-sem-fragrancia-unscented-88ml","status":"publish","type":"product","link":"https:\/\/institutogayatrispa.com.br\/loja\/produto\/desodorante-roll-on-lafes-natural-sem-fragrancia-unscented-88ml\/","title":{"rendered":"DESODORANTE ROLL-ON LAFE\u00b4S NATURAL SEM FRAGR\u00c2NCIA UNSCENTED 88ML"},"content":{"rendered":"<p class=\"MsoNormal\">-Produto Natural e Vegano<\/p>\n<p class=\"MsoNormal\">-Possui propriedades antimicrobianas, bactericidas e suavizantes<\/p>\n<p class=\"MsoNormal\">-Protege a pele contra os maus odores por at\u00e9 24h<\/p>\n<p class=\"MsoNormal\">-N\u00e3o \u00e9 um antitranspirante e n\u00e3o obstrui os poros<\/p>\n<p class=\"MsoNormal\">-Desodorante livre de Alum\u00ednio<\/p>\n","protected":false},"excerpt":{"rendered":"<p class=\"MsoNormal\">O Desodorante Roll-on Natural Sem Fragr\u00e2ncia Unscented da Lafe&#8217;s n\u00e3o possui fragr\u00e2ncia de \u00f3leos essenciais. \u00c9 formulado com a Aloe vera, que amacia, hidrata e ajuda a manter a pele fresca e saud\u00e1vel o dia inteiro, o \u00d3leo de Coriander (\u00d3leo de Coentro), que reduz o suor, age contra o odor e inibe o aparecimento de fungos ajudando a curar infec\u00e7\u00f5es e o Witch hazel (Extrato de Hamamelis virginiana), que \u00e9 um adstringente natural e antibactericida respons\u00e1vel por reduzir a oleosidade e sujeira da derme. N\u00e3o obstrui os poros nem prejudica a sa\u00fade, por este e outros motivos os desodorantes naturais e org\u00e2nicos da Lafe\u2019s foram homenageados em diversas premia\u00e7\u00f5es, como o pr\u00eamio de &#8220;Solu\u00e7\u00e3o Natural de Beleza com Consci\u00eancia&#8221; Natural Solutions nos Estados Unidos dois anos seguidos.<\/p>\n","protected":false},"featured_media":1860,"comment_status":"open","ping_status":"closed","template":"","meta":[],"product_cat":[100,102],"product_tag":[],"class_list":["post-1862","product","type-product","status-publish","has-post-thumbnail","hentry","product_cat-bio-health","product_cat-desodorante"],"_links":{"self":[{"href":"https:\/\/institutogayatrispa.com.br\/loja\/wp-json\/wp\/v2\/product\/1862","targetHints":{"allow":["GET"]}}],"collection":[{"href":"https:\/\/institutogayatrispa.com.br\/loja\/wp-json\/wp\/v2\/product"}],"about":[{"href":"https:\/\/institutogayatrispa.com.br\/loja\/wp-json\/wp\/v2\/types\/product"}],"replies":[{"embeddable":true,"href":"https:\/\/institutogayatrispa.com.br\/loja\/wp-json\/wp\/v2\/comments?post=1862"}],"wp:featuredmedia":[{"embeddable":true,"href":"https:\/\/institutogayatrispa.com.br\/loja\/wp-json\/wp\/v2\/media\/1860"}],"wp:attachment":[{"href":"https:\/\/institutogayatrispa.com.br\/loja\/wp-json\/wp\/v2\/media?parent=1862"}],"wp:term":[{"taxonomy":"product_cat","embeddable":true,"href":"https:\/\/institutogayatrispa.com.br\/loja\/wp-json\/wp\/v2\/product_cat?post=1862"},{"taxonomy":"product_tag","embeddable":true,"href":"https:\/\/institutogayatrispa.com.br\/loja\/wp-json\/wp\/v2\/product_tag?post=1862"}],"curies":[{"name":"wp","href":"https:\/\/api.w.org\/{rel}","templated":true}]}}