{"id":204,"date":"2023-04-21T07:13:14","date_gmt":"2023-04-21T10:13:14","guid":{"rendered":"https:\/\/institutogayatrispa.com.br\/loja\/?post_type=product&#038;p=204"},"modified":"2023-07-25T16:48:35","modified_gmt":"2023-07-25T19:48:35","slug":"tapete-de-yoga-mat-chakras","status":"publish","type":"product","link":"https:\/\/institutogayatrispa.com.br\/loja\/produto\/tapete-de-yoga-mat-chakras\/","title":{"rendered":"Tapete de Yoga Mat Chakras"},"content":{"rendered":"<p>Sou B\u00e1sico, em pvc, mas sou um b\u00e1sico PREMIUM!<\/p>\n<p>Mais encorpado, resistente, aderente, comprido e espesso!<br \/>\nTapete utilizado para a pr\u00e1tica de yoga, alongamento, pilates e exerc\u00edcios f\u00edsicos em geral. Confeccionado de maneira que torna-se antiderrapante em suas duas faces, proporcionando maior estabilidade no momento dos seus exerc\u00edcios.<br \/>\nA parte superior possui texturas para uma melhor ader\u00eancia com o seu corpo, e a parte inferior \u00e9 mais lisa aumentando a \u00e1rea de contato com a superf\u00edcie do ch\u00e3o.<\/p>\n<p>Acompanha cordinha de cores variadas!<\/p>\n","protected":false},"excerpt":{"rendered":"<p>Sou B\u00e1sico, em pvc, mas sou um b\u00e1sico PREMIUM!<\/p>\n<p>Confeccionado de maneira que torna-se antiderrapante em suas duas faces!<br \/>\nDescri\u00e7\u00e3o r\u00e1pida:<br \/>\n\u2013 5.0 mm de espessura de alta densidade para sua prote\u00e7\u00e3o.<br \/>\n\u2013 Tamanho de 2,0 x 0,61 m, acima da m\u00e9dia.<br \/>\n\u2013 Peso: 1.5kg<br \/>\n\u2013 Produ\u00e7\u00e3o Nacional e Respons\u00e1vel.<br \/>\n\u2013 Acompanha cordinha, de cores variadas!<\/p>\n","protected":false},"featured_media":282,"comment_status":"open","ping_status":"closed","template":"","meta":[],"product_cat":[16,51],"product_tag":[],"class_list":["post-204","product","type-product","status-publish","has-post-thumbnail","hentry","product_cat-active-yoga","product_cat-mat-yoga"],"_links":{"self":[{"href":"https:\/\/institutogayatrispa.com.br\/loja\/wp-json\/wp\/v2\/product\/204","targetHints":{"allow":["GET"]}}],"collection":[{"href":"https:\/\/institutogayatrispa.com.br\/loja\/wp-json\/wp\/v2\/product"}],"about":[{"href":"https:\/\/institutogayatrispa.com.br\/loja\/wp-json\/wp\/v2\/types\/product"}],"replies":[{"embeddable":true,"href":"https:\/\/institutogayatrispa.com.br\/loja\/wp-json\/wp\/v2\/comments?post=204"}],"wp:featuredmedia":[{"embeddable":true,"href":"https:\/\/institutogayatrispa.com.br\/loja\/wp-json\/wp\/v2\/media\/282"}],"wp:attachment":[{"href":"https:\/\/institutogayatrispa.com.br\/loja\/wp-json\/wp\/v2\/media?parent=204"}],"wp:term":[{"taxonomy":"product_cat","embeddable":true,"href":"https:\/\/institutogayatrispa.com.br\/loja\/wp-json\/wp\/v2\/product_cat?post=204"},{"taxonomy":"product_tag","embeddable":true,"href":"https:\/\/institutogayatrispa.com.br\/loja\/wp-json\/wp\/v2\/product_tag?post=204"}],"curies":[{"name":"wp","href":"https:\/\/api.w.org\/{rel}","templated":true}]}}